{"id":763,"date":"2023-08-08T11:54:43","date_gmt":"2023-08-08T11:54:43","guid":{"rendered":"https:\/\/loreseeker-lillard-wnh.zipwp.link\/?page_id=23"},"modified":"2023-08-08T11:54:43","modified_gmt":"2023-08-08T11:54:43","slug":"services","status":"publish","type":"page","link":"https:\/\/therapeute-sophrologue.ovh\/index.php\/services\/","title":{"rendered":"Services"},"content":{"rendered":"\n<div class=\"wp-block-uagb-container uagb-block-bd2aecc3 alignwide uagb-is-root-container\">\n<div class=\"wp-block-uagb-advanced-heading uagb-block-a54a4629\"><h1 class=\"uagb-heading-text\">La Sophrologie<\/h1><\/div>\n<\/div>\n\n\n\n<div class=\"wp-block-group is-layout-constrained wp-block-group-is-layout-constrained\">\n<div class=\"wp-block-uagb-container uagb-block-cvph0zzy alignfull uagb-is-root-container\"><div class=\"uagb-container-inner-blocks-wrap\">\n<div class=\"wp-block-uagb-advanced-heading uagb-block-f8cexeck\"><h2 class=\"uagb-heading-text\">Qu&#8217;est-ce que la Sophrologie?<\/h2><p class=\"uagb-desc-text\">La sophrologie est un formidable outil de bien-\u00eatre pour d\u00e9couvrir ses propres ressources, d\u00e9velopper son potentiel, s\u2019\u00e9panouir et am\u00e9liorer sa qualit\u00e9 de vie.<\/p><\/div>\n\n\n\n<div class=\"wp-block-uagb-faq uagb-faq__outer-wrap uagb-block-nzzbu7dp uagb-faq-icon-row-reverse uagb-faq-layout-accordion uagb-faq-expand-first-true uagb-faq-inactive-other-false uagb-faq__wrap uagb-buttons-layout-wrap uagb-faq-equal-height\" data-faqtoggle=\"false\" role=\"tablist\">\n<div class=\"wp-block-uagb-faq-child uagb-faq-child__outer-wrap uagb-faq-item uagb-block-pomf3wgb\" role=\"tab\" tabindex=\"0\"><div class=\"uagb-faq-questions-button uagb-faq-questions\"><span class=\"uagb-icon uagb-faq-icon-wrap\"><\/span><span class=\"uagb-icon-active uagb-faq-icon-wrap\"><\/span><p class=\"uagb-question\">Mais qu&#8217;est ce que la sophrologie?<\/p><\/div><div class=\"uagb-faq-content\"><p>La sophrologie est un formidable outil de bien-\u00eatre pour d\u00e9couvrir ses propres ressources, d\u00e9velopper son potentiel, s\u2019\u00e9panouir et am\u00e9liorer sa qualit\u00e9 de vie.<\/p><\/div><\/div>\n\n\n\n<div class=\"wp-block-uagb-faq-child uagb-faq-child__outer-wrap uagb-faq-item uagb-block-ysoojupw\" role=\"tab\" tabindex=\"0\"><div class=\"uagb-faq-questions-button uagb-faq-questions\"><span class=\"uagb-icon uagb-faq-icon-wrap\"><\/span><span class=\"uagb-icon-active uagb-faq-icon-wrap\"><\/span><p class=\"uagb-question\">Comment se pratique-t&#8217;elle?<\/p><\/div><div class=\"uagb-faq-content\"><p>Sa pratique est non-tactile, elle combine des exercices de respiration, de d\u00e9tente musculaire et de visualisation mentale.<\/p><\/div><\/div>\n\n\n\n<div class=\"wp-block-uagb-faq-child uagb-faq-child__outer-wrap uagb-faq-item uagb-block-5mldy4hx\" role=\"tab\" tabindex=\"0\"><div class=\"uagb-faq-questions-button uagb-faq-questions\"><span class=\"uagb-icon uagb-faq-icon-wrap\"><\/span><span class=\"uagb-icon-active uagb-faq-icon-wrap\"><\/span><p class=\"uagb-question\">A qui est-elle destin\u00e9e?<\/p><\/div><div class=\"uagb-faq-content\"><p>La sophrologie est accessible \u00e0 tous, femmes, hommes, enfants.<br>La m\u00e9thode s\u2019adapte aux besoins de chacun et de tous les \u00e2ges !<br>Elle se pratique en groupe ou en s\u00e9ance individuelle.<br><em>La sophrologie ne se substitue en aucun cas \u00e0 un traitement m\u00e9dical et\/ou param\u00e9dical, c\u2019est une approche compl\u00e9mentaire.<\/em><\/p><\/div><\/div>\n\n\n\n<div class=\"wp-block-uagb-faq-child uagb-faq-child__outer-wrap uagb-faq-item uagb-block-pjxywwep\" role=\"tab\" tabindex=\"0\"><div class=\"uagb-faq-questions-button uagb-faq-questions\"><span class=\"uagb-icon uagb-faq-icon-wrap\"><\/span><span class=\"uagb-icon-active uagb-faq-icon-wrap\"><\/span><p class=\"uagb-question\"><strong>Dans quel but, et pourquoi?<\/strong><\/p><\/div><div class=\"uagb-faq-content\"><p>La sophrologie peut aider \u00e0 g\u00e9rer le stress, am\u00e9liorer le sommeil, pr\u00e9parer un examen, un concours, le permis de conduire, et bien plus encore ! <br><br><strong>Pour le bien-\u00eatre :<\/strong><br>Apprendre \u00e0 positiver, se rel\u00e2cher, prendre du recul, diminuer l\u2019anxi\u00e9t\u00e9, g\u00e9rer son stress et ses \u00e9motions.<br>Trouver des solutions pratiques et efficaces dans toutes situations angoissantes de la vie quotidienne.<br>Retrouver un \u00e9tat de bien-\u00eatre.<br><br><strong>Au travail :<\/strong><br>Am\u00e9liorer la confiance et l\u2019affirmation de soi<br>D\u00e9velopper ses performances et sa concentration.<br>Evacuer les tensions, g\u00e9rer son stress et ses \u00e9motions.<br>Pr\u00e9parer \u00e0 la prise de parole en public, pr\u00e9parer un entretien d\u2019embauche.<br><br><strong>Pour le sommeil :<\/strong><br>Retrouver un sommeil r\u00e9parateur.<br>G\u00e9rer les troubles, vaincre l\u2019insomnie, diminuer le temps d\u2019endormissement, r\u00e9duire les r\u00e9veils nocturnes.<br>Retrouver le plaisir de dormir<br><br><strong>Pour le sport<\/strong><br>Permettre \u00e0 un sportif d\u2019\u00eatre plus performant, de vaincre ses blocages<br>Pr\u00e9paration mentale<\/p><\/div><\/div>\n<\/div>\n\n\n\n<div class=\"wp-block-uagb-advanced-heading uagb-block-vstfgtoe\"><p class=\"uagb-heading-text\">Une question compl\u00e9mentaire?<\/p><p class=\"uagb-desc-text\">N&#8217;h\u00e9sitez pas \u00e0 m&#8217;envoyer un email en allant sur la rubrique contact !<\/p><\/div>\n<\/div><\/div>\n<\/div>\n\n\n\n<p><\/p>\n\n\n\n<div class=\"wp-block-uagb-container uagb-block-82b28008 alignfull uagb-is-root-container\"><div class=\"uagb-container-inner-blocks-wrap\">\n<div class=\"wp-block-uagb-advanced-heading uagb-block-3a717b3e\"><div class=\"uagb-heading-text\">Pr\u00eat(e) \u00e0 aller de l&#8217;avant?<\/div><\/div>\n\n\n\n<div class=\"wp-block-uagb-advanced-heading uagb-block-4dabc4e6\"><h2 class=\"uagb-heading-text\">Contactez moi !<\/h2><\/div>\n\n\n\n<div class=\"wp-block-uagb-buttons uagb-buttons__outer-wrap uagb-btn__default-btn uagb-btn-tablet__default-btn uagb-btn-mobile__default-btn uagb-block-e801ecf0\"><div class=\"uagb-buttons__wrap uagb-buttons-layout-wrap \">\n<div class=\"wp-block-uagb-buttons-child uagb-buttons__outer-wrap uagb-block-830c34e1 wp-block-button\"><div class=\"uagb-button__wrapper\"><a class=\"uagb-buttons-repeater wp-block-button__link\" aria-label=\"\" href=\"\/contact\/\" rel=\"follow noopener\" target=\"_self\"><div class=\"uagb-button__link\">PRENDRE RENDEZ-VOUS<\/div><\/a><\/div><\/div>\n<\/div><\/div>\n\n\n\n<div class=\"wp-block-uagb-advanced-heading uagb-block-9cf0204c\"><div class=\"uagb-separator\"><\/div><h3 class=\"uagb-heading-text\">06 27 28 33 36<\/h3><\/div>\n<\/div><\/div>\n","protected":false},"excerpt":{"rendered":"","protected":false},"author":1,"featured_media":0,"parent":0,"menu_order":0,"comment_status":"closed","ping_status":"closed","template":"","meta":{"site-sidebar-layout":"default","site-content-layout":"","ast-site-content-layout":"default","site-content-style":"default","site-sidebar-style":"default","ast-global-header-display":"","ast-banner-title-visibility":"","ast-main-header-display":"","ast-hfb-above-header-display":"","ast-hfb-below-header-display":"","ast-hfb-mobile-header-display":"","site-post-title":"disabled","ast-breadcrumbs-content":"","ast-featured-img":"","footer-sml-layout":"","theme-transparent-header-meta":"enabled","adv-header-id-meta":"","stick-header-meta":"","header-above-stick-meta":"","header-main-stick-meta":"","header-below-stick-meta":"","astra-migrate-meta-layouts":"set","ast-page-background-enabled":"default","ast-page-background-meta":{"desktop":{"background-color":"var(--ast-global-color-4)","background-image":"","background-repeat":"repeat","background-position":"center center","background-size":"auto","background-attachment":"scroll","background-type":"","background-media":"","overlay-type":"","overlay-color":"","overlay-gradient":""},"tablet":{"background-color":"","background-image":"","background-repeat":"repeat","background-position":"center center","background-size":"auto","background-attachment":"scroll","background-type":"","background-media":"","overlay-type":"","overlay-color":"","overlay-gradient":""},"mobile":{"background-color":"","background-image":"","background-repeat":"repeat","background-position":"center center","background-size":"auto","background-attachment":"scroll","background-type":"","background-media":"","overlay-type":"","overlay-color":"","overlay-gradient":""}},"ast-content-background-meta":{"desktop":{"background-color":"var(--ast-global-color-5)","background-image":"","background-repeat":"repeat","background-position":"center center","background-size":"auto","background-attachment":"scroll","background-type":"","background-media":"","overlay-type":"","overlay-color":"","overlay-gradient":""},"tablet":{"background-color":"var(--ast-global-color-5)","background-image":"","background-repeat":"repeat","background-position":"center center","background-size":"auto","background-attachment":"scroll","background-type":"","background-media":"","overlay-type":"","overlay-color":"","overlay-gradient":""},"mobile":{"background-color":"var(--ast-global-color-5)","background-image":"","background-repeat":"repeat","background-position":"center center","background-size":"auto","background-attachment":"scroll","background-type":"","background-media":"","overlay-type":"","overlay-color":"","overlay-gradient":""}},"footnotes":""},"class_list":["post-763","page","type-page","status-publish","hentry"],"_links":{"self":[{"href":"https:\/\/therapeute-sophrologue.ovh\/index.php\/wp-json\/wp\/v2\/pages\/763","targetHints":{"allow":["GET"]}}],"collection":[{"href":"https:\/\/therapeute-sophrologue.ovh\/index.php\/wp-json\/wp\/v2\/pages"}],"about":[{"href":"https:\/\/therapeute-sophrologue.ovh\/index.php\/wp-json\/wp\/v2\/types\/page"}],"author":[{"embeddable":true,"href":"https:\/\/therapeute-sophrologue.ovh\/index.php\/wp-json\/wp\/v2\/users\/1"}],"replies":[{"embeddable":true,"href":"https:\/\/therapeute-sophrologue.ovh\/index.php\/wp-json\/wp\/v2\/comments?post=763"}],"version-history":[{"count":0,"href":"https:\/\/therapeute-sophrologue.ovh\/index.php\/wp-json\/wp\/v2\/pages\/763\/revisions"}],"wp:attachment":[{"href":"https:\/\/therapeute-sophrologue.ovh\/index.php\/wp-json\/wp\/v2\/media?parent=763"}],"curies":[{"name":"wp","href":"https:\/\/api.w.org\/{rel}","templated":true}]}}